309124?
3
What is the hundred thousands digit of 3227769149?
7
What is the ten millions digit of 79586779?
7
What is the hundred thousands digit of 40300994?
3
What is the millions digit of 215838512?
5
What is the units digit of 120464739?
9
What is the hundreds digit of 230892390?
3
What is the hundreds digit of 18470633?
6
What is the tens digit of 4447386?
8
What is the tens digit of 619184062?
6
What is the tens digit of 2272914977?
7
What is the hundreds digit of 1584597545?
5
What is the units digit of 630416968?
8
What is the units digit of 8405028489?
9
What is the hundreds digit of 245737972?
9
What is the ten thousands digit of 822158665?
5
What is the tens digit of 576546811?
1
What is the millions digit of 69901597?
9
What is the thousands digit of 80079978?
9
What is the tens digit of 130970102?
0
What is the ten millions digit of 626052024?
2
What is the units digit of 238760721?
1
What is the ten thousands digit of 180783793?
8
What is the tens digit of 290018872?
7
What is the hundred thousands digit of 506610050?
6
What is the ten thousands digit of 1906621405?
2
What is the tens digit of 138780110?
1
What is the ten thousands digit of 95817528?
1
What is the hundred millions digit of 785813938?
7
What is the ten thousands digit of 3092161405?
6
What is the thousands digit of 563557341?
7
What is the tens digit of 10294478?
7
What is the hundred millions digit of 148329950?
1
What is the hundred thousands digit of 531598429?
5
What is the ten millions digit of 331021976?
3
What is the hundred millions digit of 129060020?
1
What is the hundred thousands digit of 571100497?
1
What is the units digit of 537579138?
8
What is the millions digit of 255114707?
5
What is the tens digit of 833546712?
1
What is the hundred millions digit of 102247401?
1
What is the billions digit of 2261894968?
2
What is the millions digit of 27413238?
7
What is the tens digit of 57171105?
0
What is the tens digit of 702292759?
5
What is the millions digit of 639310389?
9
What is the millions digit of 908360968?
8
What is the ten millions digit of 645089774?
4
What is the hundred thousands digit of 19046196?
0
What is the thousands digit of 102888767?
8
What is the hundreds digit of 1179021741?
7
What is the thousands digit of 106244335?
4
What is the hundreds digit of 1030515897?
8
What is the hundred thousands digit of 27754038?
7
What is the millions digit of 85595543?
5
What is the thousands digit of 409863599?
3
What is the ten thousands digit of 14044241?
4
What is the thousands digit of 217929850?
9
What is the hundred thousands digit of 2429116877?
1
What is the hundred thousands digit of 426195667?
1
What is the tens digit of 108121917?
1
What is the millions digit of 76414301?
6
What is the hundred thousands digit of 275360919?
3
What is the thousands digit of 842973118?
3
What is the tens digit of 42882663?
6
What is the units digit of 489268420?
0
What is the millions digit of 2769091668?
9
What is the hundred millions digit of 154329041?
1
What is the hundred thousands digit of 1164255255?
2
What is the millions digit of 22855702?
2
What is the millions digit of 55826302?
5
What is the thousands digit of 15925410?
5
What is the hundred millions digit of 335077086?
3
What is the hundreds digit of 218676768?
7
What is the billions digit of 2427932973?
2
What is the ten millions digit of 1300291067?
0
What is the hundred thousands digit of 119506772?
5
What is the hundred thousands digit of 1699888261?
8
What is the hundreds digit of 273214275?
2
What is the millions digit of 18204836?
8
What is the ten thousands digit of 94114922?
1
What is the millions digit of 877591549?
7
What is the units digit of 36089095?
5
What is the hundred thousands digit of 86135216?
1
What is the ten thousands digit of 546296177?
9
What is the ten thousands digit of 2528598968?
9
What is the hundreds digit of 31145928?
9
What is the thousands digit of 19622051?
2
What is the billions digit of 1600324695?
1
What is the millions digit of 539288299?
9
What is the tens digit of 44505267?
6
What is the units digit of 22760487?
7
What is the hundred thousands digit of 6582567?
5
What is the millions digit of 289531367?
9
What is the ten thousands digit of 605078153?
7
What is the hundreds digit of 194362465?
4
What is the tens digit of 1008914091?
9
What is the ten millions digit of 4417257449?
1
What is the ten thousands digit of 229750285?
5
What is the ten thousands digit of 649605521?
0
What is the ten millions digit of 36360497?
3
What is the hundred thousands digit of 59930483?
9
What is the millions digit of 2770647593?
0
What is the ten millions digit of 118834742?
1
What is the millions digit of 13345743?
3
What is the millions digit of 108706597?
8
What is the hundred millions digit of 3041485513?
0
What is the hundreds digit of 64424156?
1
What is the millions digit of 46974239?
6
What is the hundred millions digit of 116430918?
1
What is the hundreds digit of 223544676?
6
What is the hundred millions digit of 760536582?
7
What is the ten millions digit of 3382650643?
8
What is the billions digit of 2639938877?
2
What is the thousands digit of 398439007?
9
What is the units digit of 2641744244?
4
What is the hundreds digit of 6701522?
5
What is the thousands digit of 44545987?
5
What is the ten thousands digit of 407587433?
8
What is the ten millions digit of 64494526?
6
What is the units digit of 231556648?
8
What is the hundred millions digit of 536325065?
5
What is the millions digit of 16190318?
6
What is the tens digit of 769881429?
2
What is the ten millions digit of 639943598?
3
What is the thousands digit of 10992012?
2
What is the millions digit of 182129494?
2
What is the hundreds digit of 16883489?
4
What is the millions digit of 362106207?
2
What is the millions digit of 1877016463?
7
What is the units digit of 229209141?
1
What is the billions digit of 4662259256?
4
What is the thousands digit of 171902361?
2
What is the ten thousands digit of 29491828?
9
What is the tens digit of 42058689?
8
What is the units digit of 620060454?
4
What is the hundred millions digit of 106215990?
1
What is the hundred thousands digit of 898089387?
0
What is the ten millions digit of 51439891?
5
What is the hundred thousands digit of 58762440?
7
What is the units digit of 59326679?
9
What is the ten thousands digit of 220563666?
6
What is the thousands digit of 423210579?
0
What is the thousands digit of 2059768023?
8
What is the tens digit of 601579971?
7
What is the units digit of 129836020?
0
What is the tens digit of 362193579?
7
What is the ten millions digit of 1602909090?
0
What is the hundred thousands digit of 3755031592?
0
What is the hundred millions digit of 1138044456?
1
What is the tens digit of 35882878?
7
What is the millions digit of 170787125?
0
What is the millions digit of 368176126?
8
What is the ten thousands digit of 202954749?
5
What is the hundreds digit of 126718012?
0
What is the units digit of 9175916?
6
What is the ten thousands digit of 292315571?
1
What is the ten thousands digit of 3121589448?
8
What is the hundred thousands digit of 49400777?
4
What is the units digit of 168383083?
3
What is the hundreds digit of 2181538343?
3
What is the hundred thousands digit of 1231527745?
5
What is the millions digit of 1481538160?
1
What is the hundreds digit of 366795963?
9
What is the units digit of 129000466?
6
What is the units digit of 915792549?
9
What is the units digit of 30817172?
2
What is the tens digit of 55498736?
3
What is the tens digit of 70835184?
8
What is the hundred millions digit of 730444031?
7
What is the tens digit of 100747081?
8
What is the ten millions digit of 15697848?
1
What is the ten thousands digit of 160207307?
0
What is the tens digit of 99669944?
4
What is the hundred thousands digit of 517401053?
4
What is the tens digit of 1521813560?
6
What is the thousands digit of 23914686?
4
What is the hundred thousands digit of 12439671?
4
What is the units digit of 3190114994?
4
What is the millions digit of 1595525024?
5
What is the hundred thousands digit of 2807165099?
1
What is the ten millions digit of 29060638?
2
What is the millions digit of 46687683?
6
What is the millions digit of 4467405212?
7
What 